{"id":7396,"date":"2025-07-17T10:04:37","date_gmt":"2025-07-17T08:04:37","guid":{"rendered":"https:\/\/timuntutravel.com\/v3\/?page_id=7396"},"modified":"2025-07-17T10:38:52","modified_gmt":"2025-07-17T08:38:52","slug":"bon-timuntu","status":"publish","type":"page","link":"https:\/\/timuntutravel.com\/v3\/bon-timuntu\/","title":{"rendered":"Bon Timuntu"},"content":{"rendered":"\t\t<div data-elementor-type=\"wp-page\" data-elementor-id=\"7396\" class=\"elementor elementor-7396\" data-elementor-post-type=\"page\">\n\t\t\t\t<div class=\"elementor-element elementor-element-6fda6ba e-flex e-con-boxed e-con e-parent\" data-id=\"6fda6ba\" data-element_type=\"container\" data-settings=\"{&quot;jet_parallax_layout_list&quot;:[]}\">\n\t\t\t\t\t<div class=\"e-con-inner\">\n\t\t<div class=\"elementor-element elementor-element-9edec7a e-con-full e-flex e-con e-child\" data-id=\"9edec7a\" data-element_type=\"container\" data-settings=\"{&quot;jet_parallax_layout_list&quot;:[]}\">\n\t\t\t\t<div class=\"elementor-element elementor-element-fab03c2 elementor-widget__width-initial elementor-widget elementor-widget-image\" data-id=\"fab03c2\" data-element_type=\"widget\" data-widget_type=\"image.default\">\n\t\t\t\t<div class=\"elementor-widget-container\">\n\t\t\t\t\t\t\t\t\t\t\t\t\t\t\t<img fetchpriority=\"high\" decoding=\"async\" width=\"800\" height=\"669\" src=\"https:\/\/timuntutravel.com\/v3\/wp-content\/uploads\/2025\/07\/1-e1752741464710-1024x856.png\" class=\"attachment-large size-large wp-image-7412\" alt=\"\" srcset=\"https:\/\/timuntutravel.com\/v3\/wp-content\/uploads\/2025\/07\/1-e1752741464710-1024x856.png 1024w, https:\/\/timuntutravel.com\/v3\/wp-content\/uploads\/2025\/07\/1-e1752741464710-300x251.png 300w, https:\/\/timuntutravel.com\/v3\/wp-content\/uploads\/2025\/07\/1-e1752741464710-768x642.png 768w, https:\/\/timuntutravel.com\/v3\/wp-content\/uploads\/2025\/07\/1-e1752741464710-600x502.png 600w, https:\/\/timuntutravel.com\/v3\/wp-content\/uploads\/2025\/07\/1-e1752741464710.png 1222w\" sizes=\"(max-width: 800px) 100vw, 800px\" \/>\t\t\t\t\t\t\t\t\t\t\t\t\t\t\t<\/div>\n\t\t\t\t<\/div>\n\t\t<div class=\"elementor-element elementor-element-435190a e-con-full e-flex e-con e-child\" data-id=\"435190a\" data-element_type=\"container\" data-settings=\"{&quot;jet_parallax_layout_list&quot;:[]}\">\n\t\t\t\t<div class=\"elementor-element elementor-element-fb283c9 elementor-widget__width-initial elementor-widget elementor-widget-heading\" data-id=\"fb283c9\" data-element_type=\"widget\" data-widget_type=\"heading.default\">\n\t\t\t\t<div class=\"elementor-widget-container\">\n\t\t\t\t\t<h2 class=\"elementor-heading-title elementor-size-default\">Le Bon Timuntu<\/h2>\t\t\t\t<\/div>\n\t\t\t\t<\/div>\n\t\t\t\t<div class=\"elementor-element elementor-element-984d4a3 elementor-widget__width-initial elementor-widget elementor-widget-text-editor\" data-id=\"984d4a3\" data-element_type=\"widget\" data-widget_type=\"text-editor.default\">\n\t\t\t\t<div class=\"elementor-widget-container\">\n\t\t\t\t\t\t\t\t\t<p><strong>Le Bon Timuntu est votre passeport vers un voyage en Afrique riche de sens, d\u2019authenticit\u00e9 et de libert\u00e9.<\/strong><\/p><p>C\u2019est une <strong>carte cadeau flexible<\/strong>, con\u00e7ue pour celles et ceux qui veulent prendre le temps de choisir <strong>la destination qui leur ressemble<\/strong>, sans pression.<\/p><p>En achetant votre bon aujourd\u2019hui, vous r\u00e9servez <strong>votre place sur un futur circuit Timuntu Travel<\/strong>, tout en vous offrant jusqu\u2019\u00e0 <strong>18 mois pour d\u00e9cider o\u00f9 et quand partir<\/strong>.<br \/>C\u2019est l\u2019occasion id\u00e9ale de planifier un voyage en Afrique qui a du sens, \u00e0 votre rythme, dans une d\u00e9marche responsable et humaine.<\/p><p>\ud83c\udf81 Offrez-le \u00e0 un proche ou gardez-le pour vous : le Bon Timuntu est <strong>d\u00e9ductible de tous nos circuits en Afrique<\/strong>, dans la limite de sa validit\u00e9.<\/p>\t\t\t\t\t\t\t\t<\/div>\n\t\t\t\t<\/div>\n\t\t\t\t<\/div>\n\t\t\t\t<\/div>\n\t\t<div class=\"elementor-element elementor-element-80dac5e e-con-full e-flex e-con e-child\" data-id=\"80dac5e\" data-element_type=\"container\" data-settings=\"{&quot;background_background&quot;:&quot;classic&quot;,&quot;jet_parallax_layout_list&quot;:[]}\">\n\t\t\t\t<div class=\"elementor-element elementor-element-c73644b elementor-widget elementor-widget-heading\" data-id=\"c73644b\" data-element_type=\"widget\" data-widget_type=\"heading.default\">\n\t\t\t\t<div class=\"elementor-widget-container\">\n\t\t\t\t\t<h2 class=\"elementor-heading-title elementor-size-default\">Comment \u00e7a marche ?<\/h2>\t\t\t\t<\/div>\n\t\t\t\t<\/div>\n\t\t\t\t<div class=\"elementor-element elementor-element-2518e9c elementor-widget elementor-widget-text-editor\" data-id=\"2518e9c\" data-element_type=\"widget\" data-widget_type=\"text-editor.default\">\n\t\t\t\t<div class=\"elementor-widget-container\">\n\t\t\t\t\t\t\t\t\t<ul><li>Choisissez le montant de votre bon : 4 200 R, 6 300 R ou 10 500 R<\/li><li>Le bon est valable pendant 18 mois \u00e0 compter de la date d&rsquo;achat<\/li><li>Il est d\u00e9ductible de n&rsquo;importe quel voyage Timuntu Travel<\/li><li>Pas de date \u00e0 choisir tout de suite : vous r\u00e9servez votre place sereinement<\/li><li>Le bon est cessible \u00e0 un proche (cadeau id\u00e9al \u2728)<\/li><\/ul>\t\t\t\t\t\t\t\t<\/div>\n\t\t\t\t<\/div>\n\t\t\t\t<\/div>\n\t\t<div class=\"elementor-element elementor-element-f460088 e-con-full e-flex e-con e-child\" data-id=\"f460088\" data-element_type=\"container\" data-settings=\"{&quot;background_background&quot;:&quot;classic&quot;,&quot;jet_parallax_layout_list&quot;:[]}\">\n\t\t\t\t<div class=\"elementor-element elementor-element-580e22e elementor-widget elementor-widget-heading\" data-id=\"580e22e\" data-element_type=\"widget\" data-widget_type=\"heading.default\">\n\t\t\t\t<div class=\"elementor-widget-container\">\n\t\t\t\t\t<h2 class=\"elementor-heading-title elementor-size-default\">Choisissez votre bon<\/h2>\t\t\t\t<\/div>\n\t\t\t\t<\/div>\n\t\t\t\t<div class=\"elementor-element elementor-element-d98c78e elementor-widget elementor-widget-text-editor\" data-id=\"d98c78e\" data-element_type=\"widget\" data-widget_type=\"text-editor.default\">\n\t\t\t\t<div class=\"elementor-widget-container\">\n\t\t\t\t\t\t\t\t\t<p>\ud83c\udfab Bon de 4 200 R \u2013 \u00e9quivalent \u00e0 environ 200 \u20ac<br \/>Valable 18 mois<br \/>D\u00e9ductible sur tous nos circuits<\/p><p>\ud83c\udfab Bon de 6 300 R \u2013 \u00e9quivalent \u00e0 environ 300 \u20ac<br \/>Acc\u00e8s prioritaire<br \/>Appel conseil inclus \u260e\ufe0f<\/p><p>\ud83c\udfab Bon de 10 350 R \u2013 \u00e9quivalent \u00e0 environ 500 \u20ac<br \/>Statut \u00ab\u00a0Ambassadeur Timuntu\u00a0\u00bb<br \/>Bonus surprise au d\u00e9part \ud83c\udf81<\/p><p>*Les prix sont en Rands sud-africains (ZAR), car le paiement s\u2019effectue via la plateforme PayFast.<\/p>\t\t\t\t\t\t\t\t<\/div>\n\t\t\t\t<\/div>\n\t\t\t\t<\/div>\n\t\t<div class=\"elementor-element elementor-element-645a223 e-con-full e-flex e-con e-child\" data-id=\"645a223\" data-element_type=\"container\" data-settings=\"{&quot;background_background&quot;:&quot;classic&quot;,&quot;jet_parallax_layout_list&quot;:[]}\">\n\t\t\t\t<div class=\"elementor-element elementor-element-c2a9277 elementor-widget elementor-widget-heading\" data-id=\"c2a9277\" data-element_type=\"widget\" data-widget_type=\"heading.default\">\n\t\t\t\t<div class=\"elementor-widget-container\">\n\t\t\t\t\t<h2 class=\"elementor-heading-title elementor-size-default\">Pr\u00eat(e) \u00e0 planifier votre voyage en Afrique ?<\/h2>\t\t\t\t<\/div>\n\t\t\t\t<\/div>\n\t\t\t\t<div class=\"elementor-element elementor-element-6cbf6f9 elementor-widget elementor-widget-text-editor\" data-id=\"6cbf6f9\" data-element_type=\"widget\" data-widget_type=\"text-editor.default\">\n\t\t\t\t<div class=\"elementor-widget-container\">\n\t\t\t\t\t\t\t\t\t<p>\ud83d\udc49 <a href=\"https:\/\/forms.gle\/BxeNd71AGThemryg8\">Cliquez ici<\/a> pour r\u00e9server votre bon d\u00e8s maintenant via notre formulaire s\u00e9curis\u00e9 et recevez votre carte personnalis\u00e9e par email !\u00a0\u00a0<\/p>\t\t\t\t\t\t\t\t<\/div>\n\t\t\t\t<\/div>\n\t\t\t\t<\/div>\n\t\t<div class=\"elementor-element elementor-element-ee5a5a6 e-con-full e-flex e-con e-child\" data-id=\"ee5a5a6\" data-element_type=\"container\" data-settings=\"{&quot;background_background&quot;:&quot;classic&quot;,&quot;jet_parallax_layout_list&quot;:[]}\">\n\t\t\t\t<div class=\"elementor-element elementor-element-d332dc8 elementor-widget elementor-widget-heading\" data-id=\"d332dc8\" data-element_type=\"widget\" data-widget_type=\"heading.default\">\n\t\t\t\t<div class=\"elementor-widget-container\">\n\t\t\t\t\t<h2 class=\"elementor-heading-title elementor-size-default\">Conditions g\u00e9n\u00e9rales d'utilisation<\/h2>\t\t\t\t<\/div>\n\t\t\t\t<\/div>\n\t\t\t\t<div class=\"elementor-element elementor-element-8feedd6 elementor-widget elementor-widget-text-editor\" data-id=\"8feedd6\" data-element_type=\"widget\" data-widget_type=\"text-editor.default\">\n\t\t\t\t<div class=\"elementor-widget-container\">\n\t\t\t\t\t\t\t\t\t<ul><li>Les bons ne sont pas remboursables<\/li><li>Utilisables pendant 18 mois \u00e0 compter de leur date d&rsquo;achat<\/li><li>D\u00e9ductibles du prix total d\u2019un circuit Timuntu Travel<\/li><li>Valables uniquement sur des d\u00e9parts groupes confirm\u00e9s ou en cours de confirmation<\/li><li>Les bons sont cessibles (vous pouvez les offrir \u00e0 un proche)<\/li><li>Paiement s\u00e9curis\u00e9 uniquement via PayFast (en ZAR)<\/li><li>Le solde du voyage sera \u00e0 r\u00e9gler selon les conditions g\u00e9n\u00e9rales de vente habituelles de Timuntu Travel<\/li><\/ul>\t\t\t\t\t\t\t\t<\/div>\n\t\t\t\t<\/div>\n\t\t\t\t<\/div>\n\t\t\t\t\t<\/div>\n\t\t\t\t<\/div>\n\t\t\t\t<\/div>\n\t\t","protected":false},"excerpt":{"rendered":"<p>Le Bon Timuntu Le Bon Timuntu est votre passeport vers un voyage en Afrique riche de sens, d\u2019authenticit\u00e9 et de libert\u00e9. C\u2019est une carte cadeau flexible, con\u00e7ue pour celles et ceux qui veulent prendre le temps de choisir la destination qui leur ressemble, sans pression. En achetant votre bon aujourd\u2019hui, vous r\u00e9servez votre place sur [&hellip;]<\/p>\n","protected":false},"author":1,"featured_media":0,"parent":0,"menu_order":0,"comment_status":"closed","ping_status":"closed","template":"","meta":{"_acf_changed":false,"_jet_sm_ready_style":"","_jet_sm_style":"","_jet_sm_controls_values":"","_jet_sm_fonts_collection":"","_jet_sm_fonts_links":"","footnotes":""},"class_list":["post-7396","page","type-page","status-publish","hentry"],"acf":[],"yoast_head":"<!-- This site is optimized with the Yoast SEO plugin v25.4 - https:\/\/yoast.com\/wordpress\/plugins\/seo\/ -->\n<title>Bon Timuntu - Timuntu Travel<\/title>\n<meta name=\"robots\" content=\"index, follow, max-snippet:-1, max-image-preview:large, max-video-preview:-1\" \/>\n<link rel=\"canonical\" href=\"https:\/\/timuntutravel.com\/v3\/bon-timuntu\/\" \/>\n<meta property=\"og:locale\" content=\"fr_FR\" \/>\n<meta property=\"og:type\" content=\"article\" \/>\n<meta property=\"og:title\" content=\"Bon Timuntu - Timuntu Travel\" \/>\n<meta property=\"og:description\" content=\"Le Bon Timuntu Le Bon Timuntu est votre passeport vers un voyage en Afrique riche de sens, d\u2019authenticit\u00e9 et de libert\u00e9. C\u2019est une carte cadeau flexible, con\u00e7ue pour celles et ceux qui veulent prendre le temps de choisir la destination qui leur ressemble, sans pression. En achetant votre bon aujourd\u2019hui, vous r\u00e9servez votre place sur [&hellip;]\" \/>\n<meta property=\"og:url\" content=\"https:\/\/timuntutravel.com\/v3\/bon-timuntu\/\" \/>\n<meta property=\"og:site_name\" content=\"Timuntu Travel\" \/>\n<meta property=\"article:modified_time\" content=\"2025-07-17T08:38:52+00:00\" \/>\n<meta property=\"og:image\" content=\"https:\/\/timuntutravel.com\/v3\/wp-content\/uploads\/2025\/07\/1-e1752741464710-1024x856.png\" \/>\n<meta name=\"twitter:card\" content=\"summary_large_image\" \/>\n<meta name=\"twitter:label1\" content=\"Dur\u00e9e de lecture estim\u00e9e\" \/>\n\t<meta name=\"twitter:data1\" content=\"4 minutes\" \/>\n<script type=\"application\/ld+json\" class=\"yoast-schema-graph\">{\"@context\":\"https:\/\/schema.org\",\"@graph\":[{\"@type\":\"WebPage\",\"@id\":\"https:\/\/timuntutravel.com\/v3\/bon-timuntu\/\",\"url\":\"https:\/\/timuntutravel.com\/v3\/bon-timuntu\/\",\"name\":\"Bon Timuntu - Timuntu Travel\",\"isPartOf\":{\"@id\":\"https:\/\/timuntutravel.com\/#website\"},\"primaryImageOfPage\":{\"@id\":\"https:\/\/timuntutravel.com\/v3\/bon-timuntu\/#primaryimage\"},\"image\":{\"@id\":\"https:\/\/timuntutravel.com\/v3\/bon-timuntu\/#primaryimage\"},\"thumbnailUrl\":\"https:\/\/timuntutravel.com\/v3\/wp-content\/uploads\/2025\/07\/1-e1752741464710-1024x856.png\",\"datePublished\":\"2025-07-17T08:04:37+00:00\",\"dateModified\":\"2025-07-17T08:38:52+00:00\",\"breadcrumb\":{\"@id\":\"https:\/\/timuntutravel.com\/v3\/bon-timuntu\/#breadcrumb\"},\"inLanguage\":\"fr-FR\",\"potentialAction\":[{\"@type\":\"ReadAction\",\"target\":[\"https:\/\/timuntutravel.com\/v3\/bon-timuntu\/\"]}]},{\"@type\":\"ImageObject\",\"inLanguage\":\"fr-FR\",\"@id\":\"https:\/\/timuntutravel.com\/v3\/bon-timuntu\/#primaryimage\",\"url\":\"https:\/\/timuntutravel.com\/v3\/wp-content\/uploads\/2025\/07\/1-e1752741464710.png\",\"contentUrl\":\"https:\/\/timuntutravel.com\/v3\/wp-content\/uploads\/2025\/07\/1-e1752741464710.png\",\"width\":1222,\"height\":1022},{\"@type\":\"BreadcrumbList\",\"@id\":\"https:\/\/timuntutravel.com\/v3\/bon-timuntu\/#breadcrumb\",\"itemListElement\":[{\"@type\":\"ListItem\",\"position\":1,\"name\":\"Accueil\",\"item\":\"https:\/\/timuntutravel.com\/v3\/\"},{\"@type\":\"ListItem\",\"position\":2,\"name\":\"Bon Timuntu\"}]},{\"@type\":\"WebSite\",\"@id\":\"https:\/\/timuntutravel.com\/#website\",\"url\":\"https:\/\/timuntutravel.com\/\",\"name\":\"Timuntu Travel\",\"description\":\"Timuntu Travel\",\"publisher\":{\"@id\":\"https:\/\/timuntutravel.com\/#organization\"},\"potentialAction\":[{\"@type\":\"SearchAction\",\"target\":{\"@type\":\"EntryPoint\",\"urlTemplate\":\"https:\/\/timuntutravel.com\/?s={search_term_string}\"},\"query-input\":{\"@type\":\"PropertyValueSpecification\",\"valueRequired\":true,\"valueName\":\"search_term_string\"}}],\"inLanguage\":\"fr-FR\"},{\"@type\":\"Organization\",\"@id\":\"https:\/\/timuntutravel.com\/#organization\",\"name\":\"Timuntu Travel\",\"url\":\"https:\/\/timuntutravel.com\/\",\"logo\":{\"@type\":\"ImageObject\",\"inLanguage\":\"fr-FR\",\"@id\":\"https:\/\/timuntutravel.com\/#\/schema\/logo\/image\/\",\"url\":\"https:\/\/timuntutravel.com\/v3\/wp-content\/uploads\/2022\/04\/Original.png\",\"contentUrl\":\"https:\/\/timuntutravel.com\/v3\/wp-content\/uploads\/2022\/04\/Original.png\",\"width\":800,\"height\":361,\"caption\":\"Timuntu Travel\"},\"image\":{\"@id\":\"https:\/\/timuntutravel.com\/#\/schema\/logo\/image\/\"}}]}<\/script>\n<!-- \/ Yoast SEO plugin. -->","yoast_head_json":{"title":"Bon Timuntu - Timuntu Travel","robots":{"index":"index","follow":"follow","max-snippet":"max-snippet:-1","max-image-preview":"max-image-preview:large","max-video-preview":"max-video-preview:-1"},"canonical":"https:\/\/timuntutravel.com\/v3\/bon-timuntu\/","og_locale":"fr_FR","og_type":"article","og_title":"Bon Timuntu - Timuntu Travel","og_description":"Le Bon Timuntu Le Bon Timuntu est votre passeport vers un voyage en Afrique riche de sens, d\u2019authenticit\u00e9 et de libert\u00e9. C\u2019est une carte cadeau flexible, con\u00e7ue pour celles et ceux qui veulent prendre le temps de choisir la destination qui leur ressemble, sans pression. En achetant votre bon aujourd\u2019hui, vous r\u00e9servez votre place sur [&hellip;]","og_url":"https:\/\/timuntutravel.com\/v3\/bon-timuntu\/","og_site_name":"Timuntu Travel","article_modified_time":"2025-07-17T08:38:52+00:00","og_image":[{"url":"https:\/\/timuntutravel.com\/v3\/wp-content\/uploads\/2025\/07\/1-e1752741464710-1024x856.png","type":"","width":"","height":""}],"twitter_card":"summary_large_image","twitter_misc":{"Dur\u00e9e de lecture estim\u00e9e":"4 minutes"},"schema":{"@context":"https:\/\/schema.org","@graph":[{"@type":"WebPage","@id":"https:\/\/timuntutravel.com\/v3\/bon-timuntu\/","url":"https:\/\/timuntutravel.com\/v3\/bon-timuntu\/","name":"Bon Timuntu - Timuntu Travel","isPartOf":{"@id":"https:\/\/timuntutravel.com\/#website"},"primaryImageOfPage":{"@id":"https:\/\/timuntutravel.com\/v3\/bon-timuntu\/#primaryimage"},"image":{"@id":"https:\/\/timuntutravel.com\/v3\/bon-timuntu\/#primaryimage"},"thumbnailUrl":"https:\/\/timuntutravel.com\/v3\/wp-content\/uploads\/2025\/07\/1-e1752741464710-1024x856.png","datePublished":"2025-07-17T08:04:37+00:00","dateModified":"2025-07-17T08:38:52+00:00","breadcrumb":{"@id":"https:\/\/timuntutravel.com\/v3\/bon-timuntu\/#breadcrumb"},"inLanguage":"fr-FR","potentialAction":[{"@type":"ReadAction","target":["https:\/\/timuntutravel.com\/v3\/bon-timuntu\/"]}]},{"@type":"ImageObject","inLanguage":"fr-FR","@id":"https:\/\/timuntutravel.com\/v3\/bon-timuntu\/#primaryimage","url":"https:\/\/timuntutravel.com\/v3\/wp-content\/uploads\/2025\/07\/1-e1752741464710.png","contentUrl":"https:\/\/timuntutravel.com\/v3\/wp-content\/uploads\/2025\/07\/1-e1752741464710.png","width":1222,"height":1022},{"@type":"BreadcrumbList","@id":"https:\/\/timuntutravel.com\/v3\/bon-timuntu\/#breadcrumb","itemListElement":[{"@type":"ListItem","position":1,"name":"Accueil","item":"https:\/\/timuntutravel.com\/v3\/"},{"@type":"ListItem","position":2,"name":"Bon Timuntu"}]},{"@type":"WebSite","@id":"https:\/\/timuntutravel.com\/#website","url":"https:\/\/timuntutravel.com\/","name":"Timuntu Travel","description":"Timuntu Travel","publisher":{"@id":"https:\/\/timuntutravel.com\/#organization"},"potentialAction":[{"@type":"SearchAction","target":{"@type":"EntryPoint","urlTemplate":"https:\/\/timuntutravel.com\/?s={search_term_string}"},"query-input":{"@type":"PropertyValueSpecification","valueRequired":true,"valueName":"search_term_string"}}],"inLanguage":"fr-FR"},{"@type":"Organization","@id":"https:\/\/timuntutravel.com\/#organization","name":"Timuntu Travel","url":"https:\/\/timuntutravel.com\/","logo":{"@type":"ImageObject","inLanguage":"fr-FR","@id":"https:\/\/timuntutravel.com\/#\/schema\/logo\/image\/","url":"https:\/\/timuntutravel.com\/v3\/wp-content\/uploads\/2022\/04\/Original.png","contentUrl":"https:\/\/timuntutravel.com\/v3\/wp-content\/uploads\/2022\/04\/Original.png","width":800,"height":361,"caption":"Timuntu Travel"},"image":{"@id":"https:\/\/timuntutravel.com\/#\/schema\/logo\/image\/"}}]}},"_links":{"self":[{"href":"https:\/\/timuntutravel.com\/v3\/wp-json\/wp\/v2\/pages\/7396","targetHints":{"allow":["GET"]}}],"collection":[{"href":"https:\/\/timuntutravel.com\/v3\/wp-json\/wp\/v2\/pages"}],"about":[{"href":"https:\/\/timuntutravel.com\/v3\/wp-json\/wp\/v2\/types\/page"}],"author":[{"embeddable":true,"href":"https:\/\/timuntutravel.com\/v3\/wp-json\/wp\/v2\/users\/1"}],"replies":[{"embeddable":true,"href":"https:\/\/timuntutravel.com\/v3\/wp-json\/wp\/v2\/comments?post=7396"}],"version-history":[{"count":19,"href":"https:\/\/timuntutravel.com\/v3\/wp-json\/wp\/v2\/pages\/7396\/revisions"}],"predecessor-version":[{"id":7418,"href":"https:\/\/timuntutravel.com\/v3\/wp-json\/wp\/v2\/pages\/7396\/revisions\/7418"}],"wp:attachment":[{"href":"https:\/\/timuntutravel.com\/v3\/wp-json\/wp\/v2\/media?parent=7396"}],"curies":[{"name":"wp","href":"https:\/\/api.w.org\/{rel}","templated":true}]}}